{"id":165,"date":"2025-06-12T13:27:40","date_gmt":"2025-06-12T11:27:40","guid":{"rendered":"http:\/\/jewishgirona.local\/?post_type=tribe_events&#038;p=165"},"modified":"2025-06-12T13:27:40","modified_gmt":"2025-06-12T11:27:40","slug":"ciclo-clases-hebreo","status":"publish","type":"tribe_events","link":"https:\/\/jewishgirona.com\/en\/event\/ciclo-clases-hebreo\/","title":{"rendered":"Ciclo clases hebreo"},"content":{"rendered":"<p><span class=\"selected\">En el men\u00fa de la izquierda de WordPress, ver\u00e1s una nueva opci\u00f3n llamada <\/span><strong><span class=\"selected\">\u00abEventos\u00bb<\/span><\/strong><span class=\"selected\"> (con un icono de calendario). Pasa el rat\u00f3n por encima y haz clic en <\/span><strong><span class=\"selected\">\u00abA\u00f1adir nuevo\u00bb<\/span><\/strong><span class=\"selected\">.<\/span><\/p>","protected":false},"excerpt":{"rendered":"<p>En el men\u00fa de la izquierda de WordPress, ver\u00e1s una nueva opci\u00f3n llamada \u00abEventos\u00bb (con un icono de calendario). Pasa el rat\u00f3n por encima y haz clic en \u00abA\u00f1adir nuevo\u00bb.<\/p>","protected":false},"author":4,"featured_media":0,"template":"","meta":{"_et_pb_use_builder":"","_et_pb_old_content":"","_et_gb_content_width":"","_tribe_events_status":"","_tribe_events_status_reason":"","footnotes":""},"tags":[],"tribe_events_cat":[],"class_list":["post-165","tribe_events","type-tribe_events","status-publish","hentry"],"yoast_head":"<!-- This site is optimized with the Yoast SEO plugin v27.5 - https:\/\/yoast.com\/product\/yoast-seo-wordpress\/ -->\n<title>Ciclo clases hebreo | jewishgirona<\/title>\n<meta name=\"robots\" content=\"index, follow, max-snippet:-1, max-image-preview:large, max-video-preview:-1\" \/>\n<link rel=\"canonical\" href=\"https:\/\/jewishgirona.com\/en\/event\/ciclo-clases-hebreo\/\" \/>\n<meta property=\"og:locale\" content=\"en_US\" \/>\n<meta property=\"og:type\" content=\"article\" \/>\n<meta property=\"og:title\" content=\"Ciclo clases hebreo | jewishgirona\" \/>\n<meta property=\"og:description\" content=\"En el men\u00fa de la izquierda de WordPress, ver\u00e1s una nueva opci\u00f3n llamada \u00abEventos\u00bb (con un icono de calendario). Pasa el rat\u00f3n por encima y haz clic en \u00abA\u00f1adir nuevo\u00bb.\" \/>\n<meta property=\"og:url\" content=\"https:\/\/jewishgirona.com\/en\/event\/ciclo-clases-hebreo\/\" \/>\n<meta property=\"og:site_name\" content=\"jewishgirona\" \/>\n<meta name=\"twitter:card\" content=\"summary_large_image\" \/>\n<script type=\"application\/ld+json\" class=\"yoast-schema-graph\">{\"@context\":\"https:\\\/\\\/schema.org\",\"@graph\":[{\"@type\":\"WebPage\",\"@id\":\"https:\\\/\\\/jewishgirona.com\\\/event\\\/ciclo-clases-hebreo\\\/\",\"url\":\"https:\\\/\\\/jewishgirona.com\\\/event\\\/ciclo-clases-hebreo\\\/\",\"name\":\"Ciclo clases hebreo | jewishgirona\",\"isPartOf\":{\"@id\":\"https:\\\/\\\/jewishgirona.com\\\/#website\"},\"datePublished\":\"2025-06-12T11:27:40+00:00\",\"breadcrumb\":{\"@id\":\"https:\\\/\\\/jewishgirona.com\\\/event\\\/ciclo-clases-hebreo\\\/#breadcrumb\"},\"inLanguage\":\"en-US\",\"potentialAction\":[{\"@type\":\"ReadAction\",\"target\":[\"https:\\\/\\\/jewishgirona.com\\\/event\\\/ciclo-clases-hebreo\\\/\"]}]},{\"@type\":\"BreadcrumbList\",\"@id\":\"https:\\\/\\\/jewishgirona.com\\\/event\\\/ciclo-clases-hebreo\\\/#breadcrumb\",\"itemListElement\":[{\"@type\":\"ListItem\",\"position\":1,\"name\":\"Portada\",\"item\":\"https:\\\/\\\/jewishgirona.com\\\/\"},{\"@type\":\"ListItem\",\"position\":2,\"name\":\"Eventos\",\"item\":\"https:\\\/\\\/jewishgirona.com\\\/events\\\/\"},{\"@type\":\"ListItem\",\"position\":3,\"name\":\"Ciclo clases hebreo\"}]},{\"@type\":\"WebSite\",\"@id\":\"https:\\\/\\\/jewishgirona.com\\\/#website\",\"url\":\"https:\\\/\\\/jewishgirona.com\\\/\",\"name\":\"Comunidad Jud\u00eda de Girona\",\"description\":\"Centro Jud&iacute;o de Girona y Sinagoga Nahmanides: tradici&oacute;n, cultura y espiritualidad. Descubre nuestras actividades, historia y vida comunitaria.\",\"publisher\":{\"@id\":\"https:\\\/\\\/jewishgirona.com\\\/#organization\"},\"potentialAction\":[{\"@type\":\"SearchAction\",\"target\":{\"@type\":\"EntryPoint\",\"urlTemplate\":\"https:\\\/\\\/jewishgirona.com\\\/?s={search_term_string}\"},\"query-input\":{\"@type\":\"PropertyValueSpecification\",\"valueRequired\":true,\"valueName\":\"search_term_string\"}}],\"inLanguage\":\"en-US\"},{\"@type\":\"Organization\",\"@id\":\"https:\\\/\\\/jewishgirona.com\\\/#organization\",\"name\":\"Comunidad Jud\u00eda de Girona\",\"url\":\"https:\\\/\\\/jewishgirona.com\\\/\",\"logo\":{\"@type\":\"ImageObject\",\"inLanguage\":\"en-US\",\"@id\":\"https:\\\/\\\/jewishgirona.com\\\/#\\\/schema\\\/logo\\\/image\\\/\",\"url\":\"https:\\\/\\\/jewishgirona.com\\\/wp-content\\\/uploads\\\/2025\\\/06\\\/logo.png\",\"contentUrl\":\"https:\\\/\\\/jewishgirona.com\\\/wp-content\\\/uploads\\\/2025\\\/06\\\/logo.png\",\"width\":287,\"height\":71,\"caption\":\"Comunidad Jud\u00eda de Girona\"},\"image\":{\"@id\":\"https:\\\/\\\/jewishgirona.com\\\/#\\\/schema\\\/logo\\\/image\\\/\"},\"sameAs\":[\"https:\\\/\\\/www.instagram.com\\\/jewishgirona\"]}]}<\/script>\n<!-- \/ Yoast SEO plugin. -->","yoast_head_json":{"title":"Ciclo clases hebreo | jewishgirona","robots":{"index":"index","follow":"follow","max-snippet":"max-snippet:-1","max-image-preview":"max-image-preview:large","max-video-preview":"max-video-preview:-1"},"canonical":"https:\/\/jewishgirona.com\/en\/event\/ciclo-clases-hebreo\/","og_locale":"en_US","og_type":"article","og_title":"Ciclo clases hebreo | jewishgirona","og_description":"En el men\u00fa de la izquierda de WordPress, ver\u00e1s una nueva opci\u00f3n llamada \u00abEventos\u00bb (con un icono de calendario). Pasa el rat\u00f3n por encima y haz clic en \u00abA\u00f1adir nuevo\u00bb.","og_url":"https:\/\/jewishgirona.com\/en\/event\/ciclo-clases-hebreo\/","og_site_name":"jewishgirona","twitter_card":"summary_large_image","schema":{"@context":"https:\/\/schema.org","@graph":[{"@type":"WebPage","@id":"https:\/\/jewishgirona.com\/event\/ciclo-clases-hebreo\/","url":"https:\/\/jewishgirona.com\/event\/ciclo-clases-hebreo\/","name":"Ciclo clases hebreo | jewishgirona","isPartOf":{"@id":"https:\/\/jewishgirona.com\/#website"},"datePublished":"2025-06-12T11:27:40+00:00","breadcrumb":{"@id":"https:\/\/jewishgirona.com\/event\/ciclo-clases-hebreo\/#breadcrumb"},"inLanguage":"en-US","potentialAction":[{"@type":"ReadAction","target":["https:\/\/jewishgirona.com\/event\/ciclo-clases-hebreo\/"]}]},{"@type":"BreadcrumbList","@id":"https:\/\/jewishgirona.com\/event\/ciclo-clases-hebreo\/#breadcrumb","itemListElement":[{"@type":"ListItem","position":1,"name":"Portada","item":"https:\/\/jewishgirona.com\/"},{"@type":"ListItem","position":2,"name":"Eventos","item":"https:\/\/jewishgirona.com\/events\/"},{"@type":"ListItem","position":3,"name":"Ciclo clases hebreo"}]},{"@type":"WebSite","@id":"https:\/\/jewishgirona.com\/#website","url":"https:\/\/jewishgirona.com\/","name":"Jewish Community of Girona","description":"Centro Jud&iacute;o de Girona y Sinagoga Nahmanides: tradici&oacute;n, cultura y espiritualidad. Descubre nuestras actividades, historia y vida comunitaria.","publisher":{"@id":"https:\/\/jewishgirona.com\/#organization"},"potentialAction":[{"@type":"SearchAction","target":{"@type":"EntryPoint","urlTemplate":"https:\/\/jewishgirona.com\/?s={search_term_string}"},"query-input":{"@type":"PropertyValueSpecification","valueRequired":true,"valueName":"search_term_string"}}],"inLanguage":"en-US"},{"@type":"Organization","@id":"https:\/\/jewishgirona.com\/#organization","name":"Jewish Community of Girona","url":"https:\/\/jewishgirona.com\/","logo":{"@type":"ImageObject","inLanguage":"en-US","@id":"https:\/\/jewishgirona.com\/#\/schema\/logo\/image\/","url":"https:\/\/jewishgirona.com\/wp-content\/uploads\/2025\/06\/logo.png","contentUrl":"https:\/\/jewishgirona.com\/wp-content\/uploads\/2025\/06\/logo.png","width":287,"height":71,"caption":"Comunidad Jud\u00eda de Girona"},"image":{"@id":"https:\/\/jewishgirona.com\/#\/schema\/logo\/image\/"},"sameAs":["https:\/\/www.instagram.com\/jewishgirona"]}]}},"_links":{"self":[{"href":"https:\/\/jewishgirona.com\/en\/wp-json\/wp\/v2\/tribe_events\/165","targetHints":{"allow":["GET"]}}],"collection":[{"href":"https:\/\/jewishgirona.com\/en\/wp-json\/wp\/v2\/tribe_events"}],"about":[{"href":"https:\/\/jewishgirona.com\/en\/wp-json\/wp\/v2\/types\/tribe_events"}],"author":[{"embeddable":true,"href":"https:\/\/jewishgirona.com\/en\/wp-json\/wp\/v2\/users\/4"}],"version-history":[{"count":1,"href":"https:\/\/jewishgirona.com\/en\/wp-json\/wp\/v2\/tribe_events\/165\/revisions"}],"predecessor-version":[{"id":166,"href":"https:\/\/jewishgirona.com\/en\/wp-json\/wp\/v2\/tribe_events\/165\/revisions\/166"}],"wp:attachment":[{"href":"https:\/\/jewishgirona.com\/en\/wp-json\/wp\/v2\/media?parent=165"}],"wp:term":[{"taxonomy":"post_tag","embeddable":true,"href":"https:\/\/jewishgirona.com\/en\/wp-json\/wp\/v2\/tags?post=165"},{"taxonomy":"tribe_events_cat","embeddable":true,"href":"https:\/\/jewishgirona.com\/en\/wp-json\/wp\/v2\/tribe_events_cat?post=165"}],"curies":[{"name":"wp","href":"https:\/\/api.w.org\/{rel}","templated":true}]}}

<p><span class="selected">En el menú de la izquierda de WordPress, verás una nueva opción llamada </span><strong><span class="selected">«Eventos»</span></strong><span class="selected"> (con un icono de calendario). Pasa el ratón por encima y haz clic en </span><strong><span class="selected">«Añadir nuevo»</span></strong><span class="selected">.</span></p>

<p>En el menú de la izquierda de WordPress, verás una nueva opción llamada «Eventos» (con un icono de calendario). Pasa el ratón por encima y haz clic en «Añadir nuevo».</p>

<!-- This site is optimized with the Yoast SEO plugin v27.5 - https://yoast.com/product/yoast-seo-wordpress/ -->
<title>Ciclo clases hebreo | jewishgirona</title>
<meta name="robots" content="index, follow, max-snippet:-1, max-image-preview:large, max-video-preview:-1" />
<link rel="canonical" href="https://jewishgirona.com/en/event/ciclo-clases-hebreo/" />
<meta property="og:locale" content="en_US" />
<meta property="og:type" content="article" />
<meta property="og:title" content="Ciclo clases hebreo | jewishgirona" />
<meta property="og:description" content="En el menú de la izquierda de WordPress, verás una nueva opción llamada «Eventos» (con un icono de calendario). Pasa el ratón por encima y haz clic en «Añadir nuevo»." />
<meta property="og:url" content="https://jewishgirona.com/en/event/ciclo-clases-hebreo/" />
<meta property="og:site_name" content="jewishgirona" />
<meta name="twitter:card" content="summary_large_image" />
<script type="application/ld+json" class="yoast-schema-graph">{"@context":"https:\/\/schema.org","@graph":[{"@type":"WebPage","@id":"https:\/\/jewishgirona.com\/event\/ciclo-clases-hebreo\/","url":"https:\/\/jewishgirona.com\/event\/ciclo-clases-hebreo\/","name":"Ciclo clases hebreo | jewishgirona","isPartOf":{"@id":"https:\/\/jewishgirona.com\/#website"},"datePublished":"2025-06-12T11:27:40+00:00","breadcrumb":{"@id":"https:\/\/jewishgirona.com\/event\/ciclo-clases-hebreo\/#breadcrumb"},"inLanguage":"en-US","potentialAction":[{"@type":"ReadAction","target":["https:\/\/jewishgirona.com\/event\/ciclo-clases-hebreo\/"]}]},{"@type":"BreadcrumbList","@id":"https:\/\/jewishgirona.com\/event\/ciclo-clases-hebreo\/#breadcrumb","itemListElement":[{"@type":"ListItem","position":1,"name":"Portada","item":"https:\/\/jewishgirona.com\/"},{"@type":"ListItem","position":2,"name":"Eventos","item":"https:\/\/jewishgirona.com\/events\/"},{"@type":"ListItem","position":3,"name":"Ciclo clases hebreo"}]},{"@type":"WebSite","@id":"https:\/\/jewishgirona.com\/#website","url":"https:\/\/jewishgirona.com\/","name":"Comunidad Judía de Girona","description":"Centro Jud&iacute;o de Girona y Sinagoga Nahmanides: tradici&oacute;n, cultura y espiritualidad. Descubre nuestras actividades, historia y vida comunitaria.","publisher":{"@id":"https:\/\/jewishgirona.com\/#organization"},"potentialAction":[{"@type":"SearchAction","target":{"@type":"EntryPoint","urlTemplate":"https:\/\/jewishgirona.com\/?s={search_term_string}"},"query-input":{"@type":"PropertyValueSpecification","valueRequired":true,"valueName":"search_term_string"}}],"inLanguage":"en-US"},{"@type":"Organization","@id":"https:\/\/jewishgirona.com\/#organization","name":"Comunidad Judía de Girona","url":"https:\/\/jewishgirona.com\/","logo":{"@type":"ImageObject","inLanguage":"en-US","@id":"https:\/\/jewishgirona.com\/#\/schema\/logo\/image\/","url":"https:\/\/jewishgirona.com\/wp-content\/uploads\/2025\/06\/logo.png","contentUrl":"https:\/\/jewishgirona.com\/wp-content\/uploads\/2025\/06\/logo.png","width":287,"height":71,"caption":"Comunidad Judía de Girona"},"image":{"@id":"https:\/\/jewishgirona.com\/#\/schema\/logo\/image\/"},"sameAs":["https:\/\/www.instagram.com\/jewishgirona"]}]}</script>
<!-- / Yoast SEO plugin. -->

En el menú de la izquierda de WordPress, verás una nueva opción llamada «Eventos» (con un icono de calendario). Pasa el ratón por encima y haz clic en «Añadir nuevo».

Comunidad Judía de Girona
